6354?
6
What is the hundreds digit of 926?
9
What is the units digit of 3116?
6
What is the tens digit of 30854?
5
What is the hundreds digit of 642?
6
What is the units digit of 52357?
7
What is the tens digit of 5223?
2
What is the hundreds digit of 31656?
6
What is the thousands digit of 1539?
1
What is the tens digit of 186?
8
What is the hundreds digit of 780?
7
What is the thousands digit of 3210?
3
What is the units digit of 5284?
4
What is the thousands digit of 2062?
2
What is the hundreds digit of 134?
1
What is the hundreds digit of 4253?
2
What is the units digit of 5586?
6
What is the units digit of 973?
3
What is the thousands digit of 6837?
6
What is the tens digit of 641?
4
What is the units digit of 776?
6
What is the units digit of 14020?
0
What is the hundreds digit of 724?
7
What is the units digit of 13640?
0
What is the thousands digit of 27596?
7
What is the hundreds digit of 1617?
6
What is the tens digit of 38?
3
What is the units digit of 111023?
3
What is the hundreds digit of 1776?
7
What is the tens digit of 143?
4
What is the tens digit of 4408?
0
What is the hundreds digit of 23637?
6
What is the units digit of 6839?
9
What is the tens digit of 78?
7
What is the units digit of 6866?
6
What is the tens digit of 226?
2
What is the hundreds digit of 40026?
0
What is the units digit of 6485?
5
What is the units digit of 2316?
6
What is the units digit of 275?
5
What is the thousands digit of 106166?
6
What is the hundreds digit of 12677?
6
What is the hundreds digit of 994?
9
What is the tens digit of 5312?
1
What is the tens digit of 58134?
3
What is the thousands digit of 67401?
7
What is the thousands digit of 4266?
4
What is the tens digit of 4355?
5
What is the units digit of 978?
8
What is the units digit of 15976?
6
What is the hundreds digit of 2330?
3
What is the hundreds digit of 536?
5
What is the ten thousands digit of 12085?
1
What is the thousands digit of 3567?
3
What is the units digit of 21915?
5
What is the ten thousands digit of 31571?
3
What is the hundreds digit of 3927?
9
What is the thousands digit of 4773?
4
What is the thousands digit of 1427?
1
What is the thousands digit of 5970?
5
What is the units digit of 867?
7
What is the ten thousands digit of 34659?
3
What is the hundreds digit of 1311?
3
What is the thousands digit of 1427?
1
What is the tens digit of 381?
8
What is the units digit of 12428?
8
What is the ten thousands digit of 24982?
2
What is the hundred thousands digit of 146225?
1
What is the thousands digit of 1195?
1
What is the hundreds digit of 190?
1
What is the thousands digit of 11311?
1
What is the units digit of 3298?
8
What is the ten thousands digit of 40258?
4
What is the hundreds digit of 4987?
9
What is the hundreds digit of 34000?
0
What is the units digit of 2049?
9
What is the hundreds digit of 135?
1
What is the thousands digit of 2876?
2
What is the units digit of 10961?
1
What is the hundreds digit of 9324?
3
What is the thousands digit of 25265?
5
What is the tens digit of 10601?
0
What is the thousands digit of 2073?
2
What is the units digit of 33581?
1
What is the hundreds digit of 53008?
0
What is the hundreds digit of 1045?
0
What is the tens digit of 255?
5
What is the hundreds digit of 7666?
6
What is the units digit of 4332?
2
What is the thousands digit of 1806?
1
What is the units digit of 1149?
9
What is the units digit of 14954?
4
What is the units digit of 4548?
8
What is the ten thousands digit of 13905?
1
What is the hundreds digit of 46158?
1
What is the ten thousands digit of 71156?
7
What is the hundreds digit of 40695?
6
What is the units digit of 3005?
5
What is the units digit of 1274?
4
What is the tens digit of 15124?
2
What is the units digit of 33?
3
What is the ten thousands digit of 13781?
1
What is the tens digit of 12444?
4
What is the units digit of 526?
6
What is the ten thousands digit of 25092?
2
What is the hundreds digit of 33168?
1
What is the tens digit of 15887?
8
What is the tens digit of 25?
2
What is the units digit of 4639?
9
What is the thousands digit of 5492?
5
What is the units digit of 74715?
5
What is the tens digit of 313?
1
What is the thousands digit of 1416?
1
What is the ten thousands digit of 202647?
0
What is the hundreds digit of 5392?
3
What is the ten thousands digit of 25650?
2
What is the tens digit of 77728?
2
What is the hundreds digit of 2544?
5
What is the tens digit of 2392?
9
What is the hundreds digit of 4279?
2
What is the ten thousands digit of 68732?
6
What is the tens digit of 13998?
9
What is the units digit of 510?
0
What is the tens digit of 142138?
3
What is the units digit of 52120?
0
What is the hundreds digit of 74997?
9
What is the thousands digit of 75853?
5
What is the ten thousands digit of 110581?
1
What is the tens digit of 2793?
9
What is the tens digit of 16665?
6
What is the units digit of 412?
2
What is the ten thousands digit of 19605?
1
What is the tens digit of 6129?
2
What is the units digit of 17557?
7
What is the hundreds digit of 218?
2
What is the units digit of 16?
6
What is the thousands digit of 79055?
9
What is the tens digit of 921?
2
What is the hundreds digit of 47302?
3
What is the hundreds digit of 7310?
3
What is the tens digit of 1898?
9
What is the tens digit of 195440?
4
What is the units digit of 8400?
0
What is the tens digit of 32821?
2
What is the hundreds digit of 16980?
9
What is the tens digit of 105672?
7
What is the tens digit of 6139?
3
What is the tens digit of 864?
6
What is the units digit of 75574?
4
What is the ten thousands digit of 75255?
7
What is the tens digit of 1360?
6
What is the hundreds digit of 6865?
8
What is the tens digit of 23375?
7
What is the tens digit of 2527?
2
What is the hundreds digit of 23713?
7
What is the tens digit of 1358?
5
What is the hundreds digit of 157830?
8
What is the hundreds digit of 78376?
3
What is the hundreds digit of 3098?
0
What is the ten thousands digit of 19844?
1
What is the units digit of 3744?
4
What is the tens digit of 99?
9
What is the hundreds digit of 19888?
8
What is the tens digit of 1655?
5
What is the ten thousands digit of 94688?
9
What is the units digit of 774?
4
What is the hundreds digit of 21534?
5
What is the units digit of 20162?
2
What is the tens digit of 11823?
2
What is the thousands digit of 14827?
4
What is the units digit of 30804?
4
What is the hundreds digit of 1814?
8
What is the thousands digit of 3362?
3
What is the units digit of 1096?
6
What is the units digit of 63075?
5
What is the thousands digit of 13574?
3
What is the hundreds digit of 28676?
6
What is the units digit of 3023?
3
What is the hundreds digit of 2299?
2
What is the ten thousands digit of 57792?
5
What is the hundreds digit of 983?
9
What is the thousands digit of 2236?
2
What is the hundreds digit of 9010?
0
What is the hundreds digit of 5807?
8
What is the tens digit of 124949?
4
What is the units digit of 9375?
5
What is the tens digit of 12464?
6
What is the units digit of 25179?
9
What is the tens digit of 6441?
4
What is the hundreds digit of 692?
6
What is the tens digit of 25248?
4
What is the units digit of 63896?
6
What is the units digit of 71?
1
What is the units digit of 2378?
8
What is the tens digit of 5172?
7
What is the hundreds digit of 1046?
0
What is the units digit of 651?
1
What is the units digit of 60835?
5
What is the tens digit of 8304?
0
What is the units digit of 11618?
8
What is the units digit of 7246?
6
What is the hundreds digit of 55968?
9
What is the units digit of 101154?
4
What is the units digit of 2338?
8
What is the hundreds digit of 2234?
2
What is the hundreds digit of 2044?
0
What is the tens digit of 3301?
0
What is the tens digit of 10319?
1
What is the units digit of 3672?
2
What is the tens digit of 60639?
3
What is the hundreds digit of 54562?
5
What is the tens digit of 1150?
5
What is the hundreds digit of 30841?
8
What is the tens digit of 574?
7
What is the thousands digit of 32898?
2
What is the ten thousands digit of 45058?
4
What is the thousands digit of 17090?
7
What is the tens digit of 57437?
3
What is the units digit of 2062?
2
What is the ten thousands digit of 22677?
2
What is the tens digit of 28324?
2
What is the ten thousa